4)?
8
Let s(h) = -4*h**2 - 37*h + 358. Calculate s(6).
-8
Let i(b) = -2*b**2 - 1236*b + 8770. Give i(7).
20
Let o(y) = 250*y - 15936. Give o(64).
64
Let j(t) = 86*t + 36. Determine j(0).
36
Let a(h) = 31*h + 17. Calculate a(-1).
-14
Let k(a) = -a + 11. Calculate k(4).
7
Let j(y) = -y**2 - 20*y + 31. Give j(-20).
31
Let l(z) = -z**3 - 9*z**2 + 24*z + 65. Determine l(-11).
43
Let d(i) = -585*i + 3. Give d(-1).
588
Let p(c) = -61*c - 666. Calculate p(-11).
5
Let r(z) = -z**3 - 99*z**2 - 76*z + 2167. What is r(-98)?
11
Let j(h) = 342*h - 1407. Give j(4).
-39
Let s(y) = -22*y + 379. Calculate s(16).
27
Let h(y) = -3*y**3 - 66*y**2 - 210*y + 115. Determine h(-18).
7
Let s(i) = 34*i - 261. Calculate s(9).
45
Let q(f) = -f**3 - 7*f**2 - 17*f - 8. What is q(-7)?
111
Let y(x) = x**3 - 6*x**2 - 62*x + 319. Give y(5).
-16
Let h(j) = 75*j - 948. Calculate h(12).
-48
Let o(d) = -71*d - 778. Give o(-11).
3
Let i(x) = x**3 + 35*x**2 + 96*x - 3. Give i(-32).
-3
Let h(n) = 7*n**2 - 632*n + 31. Give h(90).
-149
Let b(s) = 31*s**2 - 223*s - 19. Calculate b(7).
-61
Let p(h) = -37*h + 1155. Give p(13).
674
Let l(b) = -2*b**2 - 192*b - 2300. Give l(-14).
-4
Let z(m) = 27*m - 56. What is z(1)?
-29
Let y(g) = 5*g**2 - 1498*g - 7617. Give y(-5).
-2
Let l(i) = -i**3 - 67*i**2 + 158*i + 6133. Determine l(-68).
13
Let o(p) = -p**2 + 53*p - 536. Calculate o(14).
10
Let m(u) = -11*u**2 - 1408*u + 4. Give m(-128).
4
Let h(x) = x**3 + 18*x**2 - 33*x + 151. Determine h(-20).
11
Let w(b) = 9*b**2 + 67*b - 25. Give w(-8).
15
Let m(l) = 3*l**3 + 18*l**2 - l + 6. Calculate m(-5).
86
Let r(u) = u**2 + 23*u - 54. Determine r(-24).
-30
Let i(o) = o**3 - 5*o**2 - 52*o - 253. Give i(0).
-253
Let v(f) = 64*f**3 + f**2 + 21*f - 20. Calculate v(1).
66
Let k(s) = 20*s + 201. Give k(5).
301
Let a(f) = -5446*f + 38121. Give a(7).
-1
Let d(c) = c**3 + 2*c**2 - 8*c - 56. Determine d(-3).
-41
Let h(b) = 4*b**2 - 26*b + 69. What is h(11)?
267
Let v(g) = -574*g + 9757. Give v(17).
-1
Let j(s) = s**3 + s**2 + 28*s + 63. Calculate j(-2).
3
Let i(a) = 62*a - 4325. Calculate i(75).
325
Let t(l) = 7*l**3 + 4*l**2 - 22*l + 36. Give t(2).
64
Let i(n) = -16*n**3 + 20*n**2 - 31*n + 6. Calculate i(4).
-822
Let t(v) = v**3 + 9*v**2 + 29*v. What is t(-4)?
-36
Let l(w) = w**2 - 11*w - 1417. Determine l(-33).
35
Let r(o) = -o**2 - 125*o - 3788. What is r(-73)?
8
Let f(v) = 3*v**3 + 5*v**2 - 24*v - 9. Calculate f(-4).
-25
Let h(z) = 16*z + 144. What is h(-9)?
0
Let p(v) = -139*v - 7370. What is p(-53)?
-3
Let r(i) = -i**3 - 41*i**2 - 75*i + 100. Give r(-39).
-17
Let o(t) = -23*t + 199. Determine o(8).
15
Let p(i) = -4054*i + 89175. What is p(22)?
-13
Let u(z) = z**3 + 179*z**2 - 50*z - 8949. Give u(-179).
1
Let q(k) = 10*k**3 - 30*k**2 + 10*k - 7. Determine q(4).
193
Let p(w) = -w**3 + 6*w**2 + 5*w + 25. Determine p(8).
-63
Let j(t) = -13*t**3 - 66*t**2 + t + 4. Determine j(-5).
-26
Let n(l) = -l**3 - 29*l**2 + 57*l + 19. What is n(-31)?
174
Let u(h) = h**3 - 8*h**2 - 74*h + 390. Calculate u(6).
-126
Let f(b) = b**3 - 10*b**2 + 10*b - 226. Give f(11).
5
Let r(l) = -4*l**2 + l + 11. Calculate r(-5).
-94
Let r(x) = -x**3 - 849*x**2 + x + 22. What is r(0)?
22
Let d(g) = -37*g - 629. Calculate d(-17).
0
Let i(k) = -43*k**3 - 217*k**2 + 3*k + 49. Give i(-5).
-16
Let i(d) = -8*d + 409. Calculate i(57).
-47
Let r(l) = -l**3 - 6*l**2 + 56*l + 24. What is r(-11)?
13
Let y(z) = -22*z - 65. Give y(15).
-395
Let q(r) = 2*r**3 + r**2 - 82*r + 7. Calculate q(6).
-17
Let f(n) = -10*n**2 + 7*n - 2. Determine f(2).
-28
Let y(r) = r**2 - 75*r + 987. Determine y(17).
1
Let h(k) = 174*k - 1480. Give h(7).
-262
Let x(z) = -91*z**2 + 633*z - 12. Give x(7).
-40
Let v(w) = -65*w + 1436. What is v(22)?
6
Let m(w) = -777*w - 13985. What is m(-18)?
1
Let b(r) = -r**3 - 18*r**2 + 14*r + 1. What is b(-19)?
96
Let k(a) = -27*a**2 - 147*a - 154. Give k(-4).
2
Let j(y) = -203*y**2 + 2*y + 3. What is j(-1)?
-202
Let r(d) = 1149*d**2 - 13788*d + 4. Give r(12).
4
Let u(j) = -j**2 + 47. Give u(8).
-17
Let v(x) = -839*x + 5. Calculate v(0).
5
Let l(o) = 115*o - 114. What is l(1)?
1
Let b(s) = -4*s**3 - 184*s**2 + 215*s + 1275. Determine b(-47).
6
Let y(a) = -273*a**2 - 10*a + 8. Determine y(1).
-275
Let x(b) = -b**3 - 20*b**2 - 41*b - 34. What is x(-18)?
56
Let c(g) = 220*g - 497. Give c(5).
603
Let d(u) = -2*u**3 - 24*u**2 - 29*u - 72. Calculate d(-11).
5
Let p(d) = 28*d**3 + d**2 - 19*d - 19. What is p(-1)?
-27
Let v(d) = -56*d + 231. Give v(4).
7
Let x(c) = -2*c**3 + 38*c**2 - 2*c - 9. What is x(19)?
-47
Let i(d) = -398*d**2 + 3*d - 4. What is i(1)?
-399
Let k(g) = -g**2 - 3*g + 69. What is k(5)?
29
Let f(h) = 331*h + 973. What is f(-3)?
-20
Let a(p) = p**3 + 6*p**2 + 11*p + 13. Calculate a(-3).
7
Let w(u) = 64*u - 534. What is w(0)?
-534
Let a(d) = 2*d**2 + 12*d - 29. Give a(-10).
51
Let n(c) = -c**3 - 78*c**2 + 240*c - 205. Give n(-81).
38
Let z(c) = c**3 - 15*c**2 - 37*c + 50. What is z(17)?
-1
Let y(c) = -2810*c - 7. Calculate y(0).
-7
Let k(a) = 202*a - 1407. What is k(7)?
7
Let j(k) = -1712*k - 1652. What is j(-1)?
60
Let o(k) = -58*k - 6526. Determine o(-113).
28
Let b(i) = 21*i - 152. Give b(8).
16
Let a(c) = 95*c - 4372. Calculate a(46).
-2
Let z(l) = -l**3 - 6*l**2 - 27*l + 843. Determine z(0).
843
Let x(g) = g**3 - 29*g**2 - 90*g - 177. Determine x(32).
15
Let d(f) = -f**2 - 65*f + 738. Give d(-75).
-12
Let u(h) = h**3 - 6*h**2 - 384*h + 3746. Give u(10).
306
Let d(h) = -13*h**2 - 343*h - 1991. Determine d(-6).
-401
Let t(i) = 2*i**2 + 24*i + 205. Give t(-7).
135
Let w(p) = 50*p**2 + 897*p - 38. Determine w(-18).
16
Let x(h) = -3*h**3 - 11*h**2 + 2*h - 18. Determine x(-4).
-10
Let n(s) = s**3 + 15*s**2 - 34*s + 12. Give n(-17).
12
Let v(z) = -2352*z + 18862. What is v(8)?
46
Let h(v) = -62*v**3 + 75*v**2 + 9*v - 1. What is h(1)?
21
Let p(k) = -16*k**3 - 2*k**2 + 2*k. What is p(-1)?
12
Let j(u) = -12*u**3 + 17*u**2 - 115*u - 133. Determine j(-1).
11
Let x(d) = -8*d**2 + 690*d - 850. Give x(85).
0
Let r(k) = 117*k**2 + 4327*k - 23. Calculate r(-37).
51
Let x(o) = o**3 - 18*o**2 + 663*o - 7780. Determine x(13).
-6
Let u(x) = 42*x + 277. What is u(-9)?
-101
Let q(d) = 77*d - 529. What is q(4)?
-221
Let c(l) = 15*l + 860. Give c(-55).
35
Let t(m) = -707*m + 8492. Give t(12).
8
Let i(m) = 126*m - 249. What is i(2)?
3
Let i(m) = -6*m**2 + 70*m + 44. Calculate i(14).
-152
Let p(s) = s**3 - 21*s**2 + 44*s + 210. What is p(18)?
30
Let d(o) = -3092*o - 24720. Determine d(-8).
16
Let u(d) = d**3 + 37*d**2 + 100*d + 1. Give u(-3).
7
Let u(l) = -l**3 - 9*l**2 - 2*l - 437. Calculate u(0).
-437
Let l(o) = -11*o**2 - 17*o + 3. Determine l(-3).
-45
Let n(k) = k**3 + 64*k**2 + 585*k + 25. Give n(-11).
3
Let a(l) = 244*l + 27795. What is a(-114)?
-21
Let h(a) = 669*a - 4024. Give h(6).
-10
Let j(o) = -o**3 - 24*o**2 + 6*o - 55. Calculate j(-24).
-199
Let m(s) = -s**2 - 2710*s - 13532. Calculate m(-5).
-7
Let p(r) = -8795*r + 105544. Calculate p(12).
4
Let f(h) = -4971*h - 29827. Determine f(-6).
-1
Let a(q) = -111*q + 2454. Determine a(22).
12
Let w(n) = -232*n + 2092. Determine w(9).
4
Let u(l) = 80*l - 81. Determine u(1).
-1
Let q(l) = -l**3 + 109*l**2 + 226*l - 443. Give q(111).
1
Let l(s) = -3*s**3 - 9*s**2 - 18*s - 25. What is l(-5)?
215
Let b(r) = r**3 - 24*r**2 + 29*r - 107. Calculate b(23).
31
Let t(a) = 50*a + 218. What is t(-4)?
18
Let r(i) = 3*i**2 + 52*i + 92. Give r(-14).
-48
Let z(n) = -17*n**2 - 90*n + 5. Give z(-4).
93
Let q(l) = -69*l + 2428. Give q(35).
13
Let d(a) = -3*a**2 + 16*a + 153. Determine d(10).
13
Let r(m) = -m**2 - 19*m - 29. Calculate r(-17).
5
Let h(w) = -3*w**2 - 566*w + 26110. Determine h(-227).
5
Let t(y) = 14*y + 24. Calculate t(2).
52
Let j(s) = -5*s**2 - 210*s + 406. Give j(-42).
406
Let s(p) = 293*p. What is s(-1)?
-293
Let k(b) = 90*b + 287. Calculate k(-3).
17
Let b(t) = 2*t**3 - 15*t**2 - 71*t + 535. Calculate b(7).
-11
Let s(t) = t**3 - 30*t**2 + 60*t - 25. Calculate s(28).
87
Let x(i) = -8*i**3 - 233*i**2 + 16*i + 19. Calculate x(-29).
-1286
Let i(m) = 4*m**2 + 42*m - 26. What is i(-5)?
-136
Let q(s) = -s**2 + 30*s - 150. Determine q(7).
11
Let n(o) = -212*o + 5505. Calculate n(26).
-7
Let m(z) = 4*z**3 + 85*z**2 - 59*z - 42. What is m(-22)?
-196
Let r(k) = -32*k**2 + 2*k + 20. Calculate r(-3).
-274
Let i